{"id":1348,"date":"2024-03-13T16:10:12","date_gmt":"2024-03-13T16:10:12","guid":{"rendered":"https:\/\/kdana.cl\/?post_type=product&#038;p=1348"},"modified":"2024-05-11T15:28:47","modified_gmt":"2024-05-11T15:28:47","slug":"depilacion-laser","status":"publish","type":"product","link":"https:\/\/kdana.cl\/index.php\/producto\/depilacion-laser\/","title":{"rendered":"Depilaci\u00f3n L\u00e1ser"},"content":{"rendered":"<p><b>Lib\u00e9rate\u00a0 del vello no deseado\u00a0<\/b><\/p>\n<p>&nbsp;<\/p>\n<p><b>Nuestra avanzada tecnolog\u00eda de depilaci\u00f3n multil\u00e1ser ofrece resultados\u00a0 duraderos y visibles desde la primera sesi\u00f3n.\u00a0\u00a0<\/b><\/p>\n<p>&nbsp;<\/p>\n<p><b>Disfruta de una piel suave, sin vellos y liberate de esa rutina de depilaci\u00f3n tradicional.\u00a0 <\/b><b>Experimenta la comodidad de una piel suave y sin imperfecciones para siempre.<\/b><\/p>\n<p><b>Beneficios:<\/b><\/p>\n<ul>\n<li aria-level=\"1\"><b>Eliminaci\u00f3n hasta 90% del vello.<\/b><\/li>\n<\/ul>\n<ul>\n<li aria-level=\"1\"><b>Piel suave y sedosa.<\/b><\/li>\n<\/ul>\n<ul>\n<li aria-level=\"1\"><b>Elimina\u00a0 foliculitis\u00a0<\/b><\/li>\n<\/ul>\n<ul>\n<li aria-level=\"1\"><b>Procedimiento seguro y efectivo.<\/b><\/li>\n<\/ul>\n<ul>\n<li aria-level=\"1\"><b>Sin dolor\u00a0<\/b><\/li>\n<\/ul>\n<ul>\n<li aria-level=\"1\"><b>Sesiones r\u00e1pidas<\/b><\/li>\n<\/ul>\n<ul>\n<li aria-level=\"1\"><b>M\u00e1s econ\u00f3mica a largo plazo, ya que solo requiere de repasos anuales. (Solo si tienes vellos)<\/b><\/li>\n<\/ul>\n<p><b>Resultados: Eliminaci\u00f3n entre un 40 a 60% desde\u00a0 tu primera sesi\u00f3n<\/b><\/p>\n<p><b>Sesiones realizadas cada 4 a 6 semanas, seg\u00fan evaluaci\u00f3n previa.<\/b><\/p>\n<p><b>Dirigido a todo p\u00fablico a contar desde los 12 a\u00f1os con autorizaci\u00f3n de Tutor o Adulto responsable mayor de 18 a\u00f1os.<\/b><\/p>\n","protected":false},"excerpt":{"rendered":"<p>Obt\u00e9n una piel suave y sin vello con nuestro avanzado servicio de depilaci\u00f3n l\u00e1ser. Olv\u00eddate de los m\u00e9todos tradicionales y disfruta de una soluci\u00f3n duradera y sin dolor para eliminar el vello no deseado. \u00a1Lib\u00e9rate de la rutina de depilaci\u00f3n y si\u00e9ntete m\u00e1s seguro\/a en tu propia piel!<\/p>\n","protected":false},"featured_media":1768,"comment_status":"open","ping_status":"closed","template":"","meta":{"site-sidebar-layout":"default","site-content-layout":"default","ast-global-header-display":"","ast-banner-title-visibility":"","ast-main-header-display":"","ast-hfb-above-header-display":"","ast-hfb-below-header-display":"","ast-hfb-mobile-header-display":"","site-post-title":"","ast-breadcrumbs-content":"","ast-featured-img":"","footer-sml-layout":"","theme-transparent-header-meta":"default","adv-header-id-meta":"","stick-header-meta":"","header-above-stick-meta":"","header-main-stick-meta":"","header-below-stick-meta":"","_joinchat":[]},"product_cat":[20],"product_tag":[],"class_list":{"0":"post-1348","1":"product","2":"type-product","3":"status-publish","4":"has-post-thumbnail","6":"product_cat-sin-categorizar","7":"desktop-align-left","8":"tablet-align-left","9":"mobile-align-left","11":"first","12":"instock","13":"sale","14":"shipping-taxable","15":"purchasable","16":"product-type-simple"},"_links":{"self":[{"href":"https:\/\/kdana.cl\/index.php\/wp-json\/wp\/v2\/product\/1348","targetHints":{"allow":["GET"]}}],"collection":[{"href":"https:\/\/kdana.cl\/index.php\/wp-json\/wp\/v2\/product"}],"about":[{"href":"https:\/\/kdana.cl\/index.php\/wp-json\/wp\/v2\/types\/product"}],"replies":[{"embeddable":true,"href":"https:\/\/kdana.cl\/index.php\/wp-json\/wp\/v2\/comments?post=1348"}],"wp:featuredmedia":[{"embeddable":true,"href":"https:\/\/kdana.cl\/index.php\/wp-json\/wp\/v2\/media\/1768"}],"wp:attachment":[{"href":"https:\/\/kdana.cl\/index.php\/wp-json\/wp\/v2\/media?parent=1348"}],"wp:term":[{"taxonomy":"product_cat","embeddable":true,"href":"https:\/\/kdana.cl\/index.php\/wp-json\/wp\/v2\/product_cat?post=1348"},{"taxonomy":"product_tag","embeddable":true,"href":"https:\/\/kdana.cl\/index.php\/wp-json\/wp\/v2\/product_tag?post=1348"}],"curies":[{"name":"wp","href":"https:\/\/api.w.org\/{rel}","templated":true}]}}