{"id":1350,"date":"2024-03-13T16:21:33","date_gmt":"2024-03-13T16:21:33","guid":{"rendered":"https:\/\/kdana.cl\/?post_type=product&#038;p=1350"},"modified":"2024-04-09T16:25:38","modified_gmt":"2024-04-09T16:25:38","slug":"mep-microelectrolisis-percutanea-renueva-tu-piel-desde-adentro","status":"publish","type":"product","link":"https:\/\/kdana.cl\/index.php\/producto\/mep-microelectrolisis-percutanea-renueva-tu-piel-desde-adentro\/","title":{"rendered":"Atenuaci\u00f3n\u00a0de L\u00edneas de Expresi\u00f3n y Estr\u00edas"},"content":{"rendered":"<p><b>MEP (Microelectr\u00f3lisis Percut\u00e1nea): Renueva tu Piel desde Adentro<\/b><\/p>\n<p>&nbsp;<\/p>\n<p><b>Tratamiento para la atenuaci\u00f3n\u00a0 l\u00edneas de expresi\u00f3n y estr\u00edas<\/b><\/p>\n<p><b>Es una t\u00e9cnica de fisioterapia que consiste en la aplicaci\u00f3n de una corriente galv\u00e1nica a trav\u00e9s de una aguja de acupuntura que produce un proceso inflamatorio de car\u00e1cter local, permitiendo la reparaci\u00f3n del tejido a tratar, logrando formaci\u00f3n de nuevo col\u00e1geno y elastina.<\/b><\/p>\n<h3><b>Renueva tu Piel desde Adentro<\/b><\/h3>\n<p><b>Descubre la magia de la microelectr\u00f3lisis percut\u00e1nea para una piel radiante, mejorando la textura y el tono de tu piel desde adentro hacia afuera.<\/b><\/p>\n<p><b>Beneficios:<\/b><\/p>\n<ul>\n<li aria-level=\"1\"><b>Rejuvenecimiento facial\u00a0<\/b><\/li>\n<\/ul>\n<ul>\n<li aria-level=\"1\"><b>Mejora\u00a0 la elasticidad de tu piel<\/b><\/li>\n<\/ul>\n<p><b>***Dirigido a Pacientes que deseen disminuir L\u00edneas de expresi\u00f3n producto de envejecimiento<\/b><\/p>\n<p><b>***Intervalo de sesiones de 15 a 21 d\u00edas.<\/b><\/p>\n<p><b>Zonas a elecci\u00f3n: patas de gallo, mejillas, surcos nasogeneanos, marioneta, frente (incluye entrecejo)<\/b><\/p>\n<p><b>Desde $59.900\u00a0 pack 6 sesiones (1 zona facial)<\/b><\/p>\n","protected":false},"excerpt":{"rendered":"<p>Reduce las marcas del tiempo y recupera la juventud de tu rostro con nuestro tratamiento especializado. Desp\u00eddete de las l\u00edneas de expresi\u00f3n y luce una piel radiante y rejuvenecida.<\/p>\n","protected":false},"featured_media":1770,"comment_status":"open","ping_status":"closed","template":"","meta":{"site-sidebar-layout":"default","site-content-layout":"default","ast-global-header-display":"","ast-banner-title-visibility":"","ast-main-header-display":"","ast-hfb-above-header-display":"","ast-hfb-below-header-display":"","ast-hfb-mobile-header-display":"","site-post-title":"","ast-breadcrumbs-content":"","ast-featured-img":"","footer-sml-layout":"","theme-transparent-header-meta":"default","adv-header-id-meta":"","stick-header-meta":"","header-above-stick-meta":"","header-main-stick-meta":"","header-below-stick-meta":"","_joinchat":[]},"product_cat":[20],"product_tag":[],"class_list":{"0":"post-1350","1":"product","2":"type-product","3":"status-publish","4":"has-post-thumbnail","6":"product_cat-sin-categorizar","7":"desktop-align-left","8":"tablet-align-left","9":"mobile-align-left","11":"first","12":"instock","13":"sale","14":"shipping-taxable","15":"purchasable","16":"product-type-simple"},"_links":{"self":[{"href":"https:\/\/kdana.cl\/index.php\/wp-json\/wp\/v2\/product\/1350","targetHints":{"allow":["GET"]}}],"collection":[{"href":"https:\/\/kdana.cl\/index.php\/wp-json\/wp\/v2\/product"}],"about":[{"href":"https:\/\/kdana.cl\/index.php\/wp-json\/wp\/v2\/types\/product"}],"replies":[{"embeddable":true,"href":"https:\/\/kdana.cl\/index.php\/wp-json\/wp\/v2\/comments?post=1350"}],"wp:featuredmedia":[{"embeddable":true,"href":"https:\/\/kdana.cl\/index.php\/wp-json\/wp\/v2\/media\/1770"}],"wp:attachment":[{"href":"https:\/\/kdana.cl\/index.php\/wp-json\/wp\/v2\/media?parent=1350"}],"wp:term":[{"taxonomy":"product_cat","embeddable":true,"href":"https:\/\/kdana.cl\/index.php\/wp-json\/wp\/v2\/product_cat?post=1350"},{"taxonomy":"product_tag","embeddable":true,"href":"https:\/\/kdana.cl\/index.php\/wp-json\/wp\/v2\/product_tag?post=1350"}],"curies":[{"name":"wp","href":"https:\/\/api.w.org\/{rel}","templated":true}]}}