{"id":1469,"date":"2024-03-17T23:17:43","date_gmt":"2024-03-17T23:17:43","guid":{"rendered":"https:\/\/kdana.cl\/?post_type=product&#038;p=1469"},"modified":"2024-04-08T23:01:50","modified_gmt":"2024-04-08T23:01:50","slug":"presoterapia","status":"publish","type":"product","link":"https:\/\/kdana.cl\/index.php\/producto\/presoterapia\/","title":{"rendered":"Presoterapia"},"content":{"rendered":"<p><b>Experimenta la sensaci\u00f3n de bienestar con nuestra terapia de compresi\u00f3n neum\u00e1tica. La terapia de presoterapia mejora la circulaci\u00f3n, reduce la retenci\u00f3n de l\u00edquidos y revitaliza tus piernas, ofreci\u00e9ndote un descanso merecido.<\/b><\/p>\n<p><b>Beneficios<\/b><\/p>\n<ul>\n<li aria-level=\"1\"><b>Elimina\u00a0 \u00e1cido l\u00e1ctico.<\/b><\/li>\n<\/ul>\n<ul>\n<li aria-level=\"1\"><b>Activa el sistema linf\u00e1tico, eliminando toxinas.<\/b><\/li>\n<\/ul>\n<ul>\n<li aria-level=\"1\"><b>Previene varices y telangectasias (ara\u00f1itas vasculares).<\/b><\/li>\n<\/ul>\n<ul>\n<li aria-level=\"1\"><b>Combate adiposidad y celulitis.<\/b><\/li>\n<\/ul>\n<ul>\n<li aria-level=\"1\"><b>Optimiza la recuperaci\u00f3n muscular post entrenamiento.<\/b><\/li>\n<\/ul>\n<ul>\n<li aria-level=\"1\"><b>Acelera la recuperaci\u00f3n de lesiones musculares.<\/b><\/li>\n<\/ul>\n<ul>\n<li aria-level=\"1\"><b>Reduce la aparici\u00f3n de calambres musculares.<\/b><\/li>\n<\/ul>\n<ul>\n<li aria-level=\"1\"><b>Mejora el s\u00edndrome de piernas cansadas<\/b><\/li>\n<\/ul>\n<ul>\n<li aria-level=\"1\"><b>Apto para pacientes con diagn\u00f3stico de Lipedema<\/b><\/li>\n<\/ul>\n<p><b>***de 6 a 8 sesiones.<\/b><\/p>\n<p><b>*** Duraci\u00f2n 30 minutos 1 o 2 veces por semana\u00a0<\/b><\/p>\n<p><b>Valor $69.900 las 6 sesiones<\/b><\/p>\n","protected":false},"excerpt":{"rendered":"<p><b>Mejora la circulaci\u00f3n, reduce la retenci\u00f3n de l\u00edquidos y elimina toxinas con nuestro servicio de presoterapia. Experimenta una sensaci\u00f3n de ligereza y bienestar mientras trabajamos para mejorar la salud y la apariencia de tu piel. \u00a1D\u00e9jate mimar y revitalizar por nuestro tratamiento de presoterapia!<\/b><\/p>\n","protected":false},"featured_media":1832,"comment_status":"open","ping_status":"closed","template":"","meta":{"site-sidebar-layout":"default","site-content-layout":"default","ast-global-header-display":"","ast-banner-title-visibility":"","ast-main-header-display":"","ast-hfb-above-header-display":"","ast-hfb-below-header-display":"","ast-hfb-mobile-header-display":"","site-post-title":"","ast-breadcrumbs-content":"","ast-featured-img":"","footer-sml-layout":"","theme-transparent-header-meta":"default","adv-header-id-meta":"","stick-header-meta":"","header-above-stick-meta":"","header-main-stick-meta":"","header-below-stick-meta":"","_joinchat":[]},"product_cat":[20],"product_tag":[],"class_list":{"0":"post-1469","1":"product","2":"type-product","3":"status-publish","4":"has-post-thumbnail","6":"product_cat-sin-categorizar","7":"desktop-align-left","8":"tablet-align-left","9":"mobile-align-left","11":"first","12":"instock","13":"sale","14":"shipping-taxable","15":"purchasable","16":"product-type-simple"},"_links":{"self":[{"href":"https:\/\/kdana.cl\/index.php\/wp-json\/wp\/v2\/product\/1469","targetHints":{"allow":["GET"]}}],"collection":[{"href":"https:\/\/kdana.cl\/index.php\/wp-json\/wp\/v2\/product"}],"about":[{"href":"https:\/\/kdana.cl\/index.php\/wp-json\/wp\/v2\/types\/product"}],"replies":[{"embeddable":true,"href":"https:\/\/kdana.cl\/index.php\/wp-json\/wp\/v2\/comments?post=1469"}],"wp:featuredmedia":[{"embeddable":true,"href":"https:\/\/kdana.cl\/index.php\/wp-json\/wp\/v2\/media\/1832"}],"wp:attachment":[{"href":"https:\/\/kdana.cl\/index.php\/wp-json\/wp\/v2\/media?parent=1469"}],"wp:term":[{"taxonomy":"product_cat","embeddable":true,"href":"https:\/\/kdana.cl\/index.php\/wp-json\/wp\/v2\/product_cat?post=1469"},{"taxonomy":"product_tag","embeddable":true,"href":"https:\/\/kdana.cl\/index.php\/wp-json\/wp\/v2\/product_tag?post=1469"}],"curies":[{"name":"wp","href":"https:\/\/api.w.org\/{rel}","templated":true}]}}